0?
2, 3, 5, 13
What are the prime factors of 24533?
24533
What are the prime factors of 27413?
79, 347
What are the prime factors of 293?
293
List the prime factors of 192524.
2, 48131
What are the prime factors of 2058?
2, 3, 7
List the prime factors of 11063.
13, 23, 37
What are the prime factors of 28748?
2, 7187
What are the prime factors of 100624?
2, 19, 331
What are the prime factors of 1496?
2, 11, 17
What are the prime factors of 1930?
2, 5, 193
What are the prime factors of 1069?
1069
List the prime factors of 1738.
2, 11, 79
List the prime factors of 29254.
2, 14627
What are the prime factors of 285?
3, 5, 19
List the prime factors of 8434.
2, 4217
List the prime factors of 832.
2, 13
List the prime factors of 304.
2, 19
What are the prime factors of 105931?
7, 37, 409
What are the prime factors of 4122?
2, 3, 229
What are the prime factors of 78396?
2, 3, 47, 139
What are the prime factors of 139?
139
What are the prime factors of 1673?
7, 239
What are the prime factors of 1730?
2, 5, 173
List the prime factors of 43865.
5, 31, 283
List the prime factors of 69787.
19, 3673
What are the prime factors of 155?
5, 31
List the prime factors of 29376.
2, 3, 17
List the prime factors of 6512.
2, 11, 37
What are the prime factors of 15187?
15187
What are the prime factors of 68676?
2, 3, 59, 97
What are the prime factors of 65330?
2, 5, 47, 139
What are the prime factors of 7296?
2, 3, 19
What are the prime factors of 87962?
2, 7, 61, 103
List the prime factors of 10065.
3, 5, 11, 61
What are the prime factors of 18242?
2, 7, 1303
List the prime factors of 56439.
3, 6271
List the prime factors of 56502.
2, 3, 43, 73
What are the prime factors of 72287?
72287
What are the prime factors of 66047?
66047
What are the prime factors of 33901?
7, 29, 167
What are the prime factors of 716?
2, 179
What are the prime factors of 8527?
8527
What are the prime factors of 25582?
2, 12791
List the prime factors of 666.
2, 3, 37
List the prime factors of 942.
2, 3, 157
What are the prime factors of 2119?
13, 163
What are the prime factors of 48625?
5, 389
List the prime factors of 1177.
11, 107
What are the prime factors of 11213?
11213
List the prime factors of 2224.
2, 139
List the prime factors of 43639.
17, 151
What are the prime factors of 20663?
20663
What are the prime factors of 6113?
6113
What are the prime factors of 2124?
2, 3, 59
List the prime factors of 4562.
2, 2281
List the prime factors of 508.
2, 127
List the prime factors of 50560.
2, 5, 79
List the prime factors of 1481.
1481
List the prime factors of 30370.
2, 5, 3037
What are the prime factors of 139502?
2, 11, 17, 373
What are the prime factors of 2097?
3, 233
List the prime factors of 4755.
3, 5, 317
What are the prime factors of 79?
79
List the prime factors of 9005.
5, 1801
List the prime factors of 112374.
2, 3, 2081
What are the prime factors of 91201?
11, 8291
List the prime factors of 90847.
90847
List the prime factors of 5944.
2, 743
List the prime factors of 421.
421
List the prime factors of 116734.
2, 58367
List the prime factors of 3639.
3, 1213
List the prime factors of 9641.
31, 311
What are the prime factors of 50915?
5, 17, 599
What are the prime factors of 1566?
2, 3, 29
What are the prime factors of 53181?
3, 19, 311
What are the prime factors of 1125?
3, 5
List the prime factors of 8749.
13, 673
What are the prime factors of 151827?
3, 13, 17, 229
List the prime factors of 14994.
2, 3, 7, 17
List the prime factors of 10056.
2, 3, 419
What are the prime factors of 36304?
2, 2269
List the prime factors of 14081.
14081
List the prime factors of 12814.
2, 43, 149
List the prime factors of 16979.
16979
What are the prime factors of 86470?
2, 5, 8647
List the prime factors of 5598.
2, 3, 311
What are the prime factors of 671?
11, 61
List the prime factors of 791.
7, 113
What are the prime factors of 270?
2, 3, 5
List the prime factors of 934.
2, 467
List the prime factors of 2455.
5, 491
List the prime factors of 2215.
5, 443
What are the prime factors of 2265?
3, 5, 151
What are the prime factors of 4966?
2, 13, 191
List the prime factors of 4632.
2, 3, 193
List the prime factors of 7274.
2, 3637
List the prime factors of 73137.
3, 24379
List the prime factors of 5166.
2, 3, 7, 41
What are the prime factors of 62577?
3, 17, 409
What are the prime factors of 955?
5, 191
What are the prime factors of 5294?
2, 2647
What are the prime factors of 2337?
3, 19, 41
What are the prime factors of 578?
2, 17
List the prime factors of 22592.
2, 353
What are the prime factors of 12460?
2, 5, 7, 89
What are the prime factors of 121678?
2, 83, 733
List the prime factors of 20917.
13, 1609
What are the prime factors of 1028?
2, 257
List the prime factors of 63871.
23, 2777
What are the prime factors of 1579?
1579
List the prime factors of 9103.
9103
What are the prime factors of 103066?
2, 29, 1777
What are the prime factors of 2506?
2, 7, 179
List the prime factors of 1118.
2, 13, 43
What are the prime factors of 1257?
3, 419
What are the prime factors of 13084?
2, 3271
List the prime factors of 1734.
2, 3, 17
List the prime factors of 112463.
13, 41, 211
What are the prime factors of 35085?
3, 5, 2339
What are the prime factors of 5324?
2, 11
List the prime factors of 184597.
7, 26371
List the prime factors of 2345.
5, 7, 67
What are the prime factors of 3481?
59
What are the prime factors of 1535?
5, 307
What are the prime factors of 1506?
2, 3, 251
List the prime factors of 2998.
2, 1499
List the prime factors of 4662.
2, 3, 7, 37
What are the prime factors of 11102?
2, 7, 13, 61
What are the prime factors of 29356?
2, 41, 179
What are the prime factors of 499?
499
What are the prime factors of 415?
5, 83
List the prime factors of 33749.
33749
What are the prime factors of 3296?
2, 103
What are the prime factors of 1638?
2, 3, 7, 13
What are the prime factors of 6253?
13, 37
List the prime factors of 118.
2, 59
What are the prime factors of 347?
347
List the prime factors of 150.
2, 3, 5
What are the prime factors of 39133?
39133
List the prime factors of 4379.
29, 151
What are the prime factors of 131048?
2, 16381
What are the prime factors of 1081?
23, 47
What are the prime factors of 1147?
31, 37
List the prime factors of 11650.
2, 5, 233
List the prime factors of 575.
5, 23
What are the prime factors of 13192?
2, 17, 97
What are the prime factors of 1544?
2, 193
What are the prime factors of 599?
599
What are the prime factors of 20211?
3, 6737
List the prime factors of 1175.
5, 47
What are the prime factors of 183?
3, 61
List the prime factors of 5610.
2, 3, 5, 11, 17
List the prime factors of 18186.
2, 3, 7, 433
List the prime factors of 2477.
2477
List the prime factors of 14513.
23, 631
What are the prime factors of 7190?
2, 5, 719
List the prime factors of 316.
2, 79
List the prime factors of 1543.
1543
List the prime factors of 47974.
2, 17, 83
List the prime factors of 132931.
307, 433
List the prime factors of 91868.
2, 7, 17, 193
List the prime factors of 4731.
3, 19, 83
What are the prime factors of 1034?
2, 11, 47
What are the prime factors of 42259?
7, 6037
List the prime factors of 61369.
7, 11, 797
List the prime factors of 14187.
3, 4729
What are the prime factors of 49570?
2, 5, 4957
List the prime factors of 112545.
3, 5, 41, 61
What are the prime factors of 2561?
13, 197
What are the prime factors of 250?
2, 5
What are the prime factors of 67068?
2, 3, 23
List the prime factors of 850.
2, 5, 17
List the prime factors of 7903.
7, 1129
What are the prime factors of 1881?
3, 11, 19
What are the prime factors of 22674?
2, 3, 3779
List the prime factors of 748.
2, 11, 17
What are the prime factors of 113158?
2, 29, 1951
What are the prime factors of 49817?
31, 1607
What are the prime factors of 2930?
2, 5, 293
List the prime factors of 7624.
2, 953
List the prime factors of 119929.
119929
List the prime factors of 6633.
3, 11, 67
What are the prime factors of 192264?
2, 3, 8011
What are the prime factors of 30983?
30983
What are the prime factors of 4147?
11, 13, 29
What are the prime factors of 5585?
5, 1117
List the prime factors of 35711.
13, 41, 67
What are the prime factors of 521?
521
What are the prime factors of 28012?
2, 47, 149
List the prime facto